{"id":1073,"date":"2020-08-07T14:30:37","date_gmt":"2020-08-07T14:30:37","guid":{"rendered":"https:\/\/moradadafloresta.eco.br\/compostagem\/?page_id=1073"},"modified":"2021-06-14T15:16:55","modified_gmt":"2021-06-14T15:16:55","slug":"compostagem-em-condominios-ebook","status":"publish","type":"page","link":"https:\/\/moradadafloresta.eco.br\/compostagem\/compostagem-em-condominios-ebook\/","title":{"rendered":"Ebook Compostagem em Condom\u00ednios"},"content":{"rendered":"\t\t<div data-elementor-type=\"wp-page\" data-elementor-id=\"1073\" class=\"elementor elementor-1073\">\n\t\t\t\t\t\t<section class=\"elementor-section elementor-top-section elementor-element elementor-element-1923f34 elementor-section-boxed elementor-section-height-default elementor-section-height-default\" data-id=\"1923f34\" data-element_type=\"section\" data-settings=\"{&quot;background_background&quot;:&quot;classic&quot;}\">\n\t\t\t\t\t\t<div class=\"elementor-container elementor-column-gap-default\">\n\t\t\t\t\t<div class=\"elementor-column elementor-col-100 elementor-top-column elementor-element elementor-element-b2e2808\" data-id=\"b2e2808\" data-element_type=\"column\">\n\t\t\t<div class=\"elementor-widget-wrap elementor-element-populated\">\n\t\t\t\t\t\t<div class=\"elementor-element elementor-element-1d5b976 elementor-widget elementor-widget-image\" data-id=\"1d5b976\" data-element_type=\"widget\" data-widget_type=\"image.default\">\n\t\t\t\t<div class=\"elementor-widget-container\">\n\t\t\t\t\t\t\t\t\t\t\t\t\t<img width=\"265\" height=\"76\" src=\"https:\/\/moradadafloresta.eco.br\/compostagem\/wp-content\/uploads\/2018\/06\/logo-moradadafloresta.png\" class=\"attachment-medium size-medium wp-image-190\" alt=\"\" \/>\t\t\t\t\t\t\t\t\t\t\t\t\t<\/div>\n\t\t\t\t<\/div>\n\t\t\t\t\t<\/div>\n\t\t<\/div>\n\t\t\t\t\t<\/div>\n\t\t<\/section>\n\t\t\t\t<section class=\"elementor-section elementor-top-section elementor-element elementor-element-0d41672 elementor-section-boxed elementor-section-height-default elementor-section-height-default\" data-id=\"0d41672\" data-element_type=\"section\">\n\t\t\t\t\t\t<div class=\"elementor-container elementor-column-gap-wider\">\n\t\t\t\t\t<div class=\"elementor-column elementor-col-50 elementor-top-column elementor-element elementor-element-87af19a\" data-id=\"87af19a\" data-element_type=\"column\">\n\t\t\t<div class=\"elementor-widget-wrap elementor-element-populated\">\n\t\t\t\t\t\t<div class=\"elementor-element elementor-element-d72cca9 elementor-widget elementor-widget-image\" data-id=\"d72cca9\" data-element_type=\"widget\" data-widget_type=\"image.default\">\n\t\t\t\t<div class=\"elementor-widget-container\">\n\t\t\t\t\t\t\t\t\t\t\t\t\t<img fetchpriority=\"high\" width=\"188\" height=\"300\" src=\"https:\/\/moradadafloresta.eco.br\/compostagem\/wp-content\/uploads\/2021\/06\/2021-Ebook-Condomi\u0301nios_Livro-188x300.png\" class=\"attachment-medium size-medium wp-image-1220\" alt=\"\" srcset=\"https:\/\/moradadafloresta.eco.br\/compostagem\/wp-content\/uploads\/2021\/06\/2021-Ebook-Condomi\u0301nios_Livro-188x300.png 188w, https:\/\/moradadafloresta.eco.br\/compostagem\/wp-content\/uploads\/2021\/06\/2021-Ebook-Condomi\u0301nios_Livro-642x1024.png 642w, https:\/\/moradadafloresta.eco.br\/compostagem\/wp-content\/uploads\/2021\/06\/2021-Ebook-Condomi\u0301nios_Livro-768x1226.png 768w, https:\/\/moradadafloresta.eco.br\/compostagem\/wp-content\/uploads\/2021\/06\/2021-Ebook-Condomi\u0301nios_Livro-963x1536.png 963w, https:\/\/moradadafloresta.eco.br\/compostagem\/wp-content\/uploads\/2021\/06\/2021-Ebook-Condomi\u0301nios_Livro-1283x2048.png 1283w, https:\/\/moradadafloresta.eco.br\/compostagem\/wp-content\/uploads\/2021\/06\/2021-Ebook-Condomi\u0301nios_Livro.png 1410w\" sizes=\"(max-width: 188px) 100vw, 188px\" \/>\t\t\t\t\t\t\t\t\t\t\t\t\t<\/div>\n\t\t\t\t<\/div>\n\t\t\t\t<div class=\"elementor-element elementor-element-3b163f3 elementor-widget elementor-widget-heading\" data-id=\"3b163f3\" data-element_type=\"widget\" data-widget_type=\"heading.default\">\n\t\t\t\t<div class=\"elementor-widget-container\">\n\t\t\t<h3 class=\"elementor-heading-title elementor-size-default\">Nesse Ebook voc\u00ea vai aprender:<\/h3>\t\t<\/div>\n\t\t\t\t<\/div>\n\t\t\t\t<div class=\"elementor-element elementor-element-37ed5de elementor-view-stacked elementor-position-left elementor-vertical-align-middle elementor-shape-circle elementor-mobile-position-top elementor-widget elementor-widget-icon-box\" data-id=\"37ed5de\" data-element_type=\"widget\" data-widget_type=\"icon-box.default\">\n\t\t\t\t<div class=\"elementor-widget-container\">\n\t\t\t\t\t<div class=\"elementor-icon-box-wrapper\">\n\n\t\t\t\t\t\t<div class=\"elementor-icon-box-icon\">\n\t\t\t\t<span  class=\"elementor-icon elementor-animation-\">\n\t\t\t\t<i aria-hidden=\"true\" class=\"far fa-trash-alt\"><\/i>\t\t\t\t<\/span>\n\t\t\t<\/div>\n\t\t\t\n\t\t\t\t\t\t<div class=\"elementor-icon-box-content\">\n\n\t\t\t\t\t\t\t\t\t<h3 class=\"elementor-icon-box-title\">\n\t\t\t\t\t\t<span  >\n\t\t\t\t\t\t\tOrganizar os res\u00edduos\t\t\t\t\t\t<\/span>\n\t\t\t\t\t<\/h3>\n\t\t\t\t\n\t\t\t\t\t\t\t\t\t<p class=\"elementor-icon-box-description\">\n\t\t\t\t\t\tEntender as fra\u00e7\u00f5es do lixo e aprender a categorizar e separar da melhor forma para compostagem.\t\t\t\t\t<\/p>\n\t\t\t\t\n\t\t\t<\/div>\n\t\t\t\n\t\t<\/div>\n\t\t\t\t<\/div>\n\t\t\t\t<\/div>\n\t\t\t\t<div class=\"elementor-element elementor-element-5be1926 elementor-view-stacked elementor-position-left elementor-vertical-align-middle elementor-shape-circle elementor-mobile-position-top elementor-widget elementor-widget-icon-box\" data-id=\"5be1926\" data-element_type=\"widget\" data-widget_type=\"icon-box.default\">\n\t\t\t\t<div class=\"elementor-widget-container\">\n\t\t\t\t\t<div class=\"elementor-icon-box-wrapper\">\n\n\t\t\t\t\t\t<div class=\"elementor-icon-box-icon\">\n\t\t\t\t<span  class=\"elementor-icon elementor-animation-\">\n\t\t\t\t<i aria-hidden=\"true\" class=\"fas fa-recycle\"><\/i>\t\t\t\t<\/span>\n\t\t\t<\/div>\n\t\t\t\n\t\t\t\t\t\t<div class=\"elementor-icon-box-content\">\n\n\t\t\t\t\t\t\t\t\t<h3 class=\"elementor-icon-box-title\">\n\t\t\t\t\t\t<span  >\n\t\t\t\t\t\t\tDefinir o melhor m\u00e9todo de compostagem\t\t\t\t\t\t<\/span>\n\t\t\t\t\t<\/h3>\n\t\t\t\t\n\t\t\t\t\t\t\t\t\t<p class=\"elementor-icon-box-description\">\n\t\t\t\t\t\tQuais os tipos de compostagem, os materiais e solu\u00e7\u00f5es para reciclar o res\u00edduo org\u00e2nico e transform\u00e1-lo em adubo. \t\t\t\t\t<\/p>\n\t\t\t\t\n\t\t\t<\/div>\n\t\t\t\n\t\t<\/div>\n\t\t\t\t<\/div>\n\t\t\t\t<\/div>\n\t\t\t\t<div class=\"elementor-element elementor-element-abe484e elementor-view-stacked elementor-position-left elementor-vertical-align-middle elementor-shape-circle elementor-mobile-position-top elementor-widget elementor-widget-icon-box\" data-id=\"abe484e\" data-element_type=\"widget\" data-widget_type=\"icon-box.default\">\n\t\t\t\t<div class=\"elementor-widget-container\">\n\t\t\t\t\t<div class=\"elementor-icon-box-wrapper\">\n\n\t\t\t\t\t\t<div class=\"elementor-icon-box-icon\">\n\t\t\t\t<span  class=\"elementor-icon elementor-animation-\">\n\t\t\t\t<i aria-hidden=\"true\" class=\"fas fa-people-carry\"><\/i>\t\t\t\t<\/span>\n\t\t\t<\/div>\n\t\t\t\n\t\t\t\t\t\t<div class=\"elementor-icon-box-content\">\n\n\t\t\t\t\t\t\t\t\t<h3 class=\"elementor-icon-box-title\">\n\t\t\t\t\t\t<span  >\n\t\t\t\t\t\t\tColocar a m\u00e3o na massa\t\t\t\t\t\t<\/span>\n\t\t\t\t\t<\/h3>\n\t\t\t\t\n\t\t\t\t\t\t\t\t\t<p class=\"elementor-icon-box-description\">\n\t\t\t\t\t\tVoc\u00ea vai saber quais os principais benef\u00edcios da compostagem e como voc\u00ea e os vizinhos podem iniciar o projeto hoje.\t\t\t\t\t<\/p>\n\t\t\t\t\n\t\t\t<\/div>\n\t\t\t\n\t\t<\/div>\n\t\t\t\t<\/div>\n\t\t\t\t<\/div>\n\t\t\t\t<div class=\"elementor-element elementor-element-b7ba43e elementor-widget elementor-widget-text-editor\" data-id=\"b7ba43e\" data-element_type=\"widget\" data-widget_type=\"text-editor.default\">\n\t\t\t\t<div class=\"elementor-widget-container\">\n\t\t\t\t\t\t\t<p>Atitudes de valoriza\u00e7\u00e3o do bem comum s\u00e3o muito importantes para a qualidade de vida de todos que vivem e trabalham em um condom\u00ednio. Assim como o bom desempenho em rela\u00e7\u00e3o ao uso e consumo de \u00e1gua e energia, a compostagem tamb\u00e9m pode ser inclu\u00edda na lista de a\u00e7\u00f5es de sustentabilidade em um condom\u00ednio.<\/p>\t\t\t\t\t\t<\/div>\n\t\t\t\t<\/div>\n\t\t\t\t\t<\/div>\n\t\t<\/div>\n\t\t\t\t<div class=\"elementor-column elementor-col-50 elementor-top-column elementor-element elementor-element-1c6a9b2\" data-id=\"1c6a9b2\" data-element_type=\"column\">\n\t\t\t<div class=\"elementor-widget-wrap elementor-element-populated\">\n\t\t\t\t\t\t<div class=\"elementor-element elementor-element-cdee9cf elementor-widget elementor-widget-spacer\" data-id=\"cdee9cf\" data-element_type=\"widget\" data-widget_type=\"spacer.default\">\n\t\t\t\t<div class=\"elementor-widget-container\">\n\t\t\t\t\t<div class=\"elementor-spacer\">\n\t\t\t<div class=\"elementor-spacer-inner\"><\/div>\n\t\t<\/div>\n\t\t\t\t<\/div>\n\t\t\t\t<\/div>\n\t\t\t\t<div class=\"elementor-element elementor-element-9b57071 elementor-widget elementor-widget-heading\" data-id=\"9b57071\" data-element_type=\"widget\" data-widget_type=\"heading.default\">\n\t\t\t\t<div class=\"elementor-widget-container\">\n\t\t\t<h2 class=\"elementor-heading-title elementor-size-default\">Veja como \u00e9 simples fazer Compostagem em Condom\u00ednios<\/h2>\t\t<\/div>\n\t\t\t\t<\/div>\n\t\t\t\t<div class=\"elementor-element elementor-element-1169853 elementor-widget elementor-widget-text-editor\" data-id=\"1169853\" data-element_type=\"widget\" data-widget_type=\"text-editor.default\">\n\t\t\t\t<div class=\"elementor-widget-container\">\n\t\t\t\t\t\t\t<p>Cadastre-se abaixo para recebe em seu email nosso e-book (livro digital em PDF) sobre compostagem em condom\u00ednios.\u00a0<\/p>\t\t\t\t\t\t<\/div>\n\t\t\t\t<\/div>\n\t\t\t\t<div class=\"elementor-element elementor-element-b69100f elementor-widget elementor-widget-shortcode\" data-id=\"b69100f\" data-element_type=\"widget\" data-widget_type=\"shortcode.default\">\n\t\t\t\t<div class=\"elementor-widget-container\">\n\t\t\t\t\t<div class=\"elementor-shortcode\">[mautic type=\"form\" id=\"21\"]<\/div>\n\t\t\t\t<\/div>\n\t\t\t\t<\/div>\n\t\t\t\t\t<\/div>\n\t\t<\/div>\n\t\t\t\t\t<\/div>\n\t\t<\/section>\n\t\t\t\t<section class=\"elementor-section elementor-top-section elementor-element elementor-element-3ad6faa elementor-section-boxed elementor-section-height-default elementor-section-height-default\" data-id=\"3ad6faa\" data-element_type=\"section\" data-settings=\"{&quot;background_background&quot;:&quot;classic&quot;}\">\n\t\t\t\t\t\t<div class=\"elementor-container elementor-column-gap-default\">\n\t\t\t\t\t<div class=\"elementor-column elementor-col-100 elementor-top-column elementor-element elementor-element-2de491f\" data-id=\"2de491f\" data-element_type=\"column\">\n\t\t\t<div class=\"elementor-widget-wrap elementor-element-populated\">\n\t\t\t\t\t\t<div class=\"elementor-element elementor-element-16a44e2 elementor-widget elementor-widget-text-editor\" data-id=\"16a44e2\" data-element_type=\"widget\" data-widget_type=\"text-editor.default\">\n\t\t\t\t<div class=\"elementor-widget-container\">\n\t\t\t\t\t\t\t<p>\u00a9 2021 Compostagem Profissional<\/p>\t\t\t\t\t\t<\/div>\n\t\t\t\t<\/div>\n\t\t\t\t\t<\/div>\n\t\t<\/div>\n\t\t\t\t\t<\/div>\n\t\t<\/section>\n\t\t\t\t<\/div>\n\t\t","protected":false},"excerpt":{"rendered":"<p>Nesse Ebook voc\u00ea vai aprender: Organizar os res\u00edduos Entender as fra\u00e7\u00f5es do lixo e aprender a categorizar e separar da melhor forma para compostagem. Definir o melhor m\u00e9todo de compostagem Quais os tipos de compostagem, os materiais e solu\u00e7\u00f5es para&hellip;<\/p>\n","protected":false},"author":3,"featured_media":0,"parent":0,"menu_order":0,"comment_status":"closed","ping_status":"closed","template":"elementor_canvas","meta":{"content-type":""},"_links":{"self":[{"href":"https:\/\/moradadafloresta.eco.br\/compostagem\/wp-json\/wp\/v2\/pages\/1073"}],"collection":[{"href":"https:\/\/moradadafloresta.eco.br\/compostagem\/wp-json\/wp\/v2\/pages"}],"about":[{"href":"https:\/\/moradadafloresta.eco.br\/compostagem\/wp-json\/wp\/v2\/types\/page"}],"author":[{"embeddable":true,"href":"https:\/\/moradadafloresta.eco.br\/compostagem\/wp-json\/wp\/v2\/users\/3"}],"replies":[{"embeddable":true,"href":"https:\/\/moradadafloresta.eco.br\/compostagem\/wp-json\/wp\/v2\/comments?post=1073"}],"version-history":[{"count":33,"href":"https:\/\/moradadafloresta.eco.br\/compostagem\/wp-json\/wp\/v2\/pages\/1073\/revisions"}],"predecessor-version":[{"id":1227,"href":"https:\/\/moradadafloresta.eco.br\/compostagem\/wp-json\/wp\/v2\/pages\/1073\/revisions\/1227"}],"wp:attachment":[{"href":"https:\/\/moradadafloresta.eco.br\/compostagem\/wp-json\/wp\/v2\/media?parent=1073"}],"curies":[{"name":"wp","href":"https:\/\/api.w.org\/{rel}","templated":true}]}}